et x be w(1). Suppose -6*t - 95 = -x. What is the tens digit of t?
8
Let a = -9918 + 17360. What is the thousands digit of a?
7
Let j(l) = 6*l**2 + 531*l + 352. What is the units digit of j(-90)?
2
Suppose 0 = -19*s + 65 + 201. What is the units digit of -212*(s/4 - 4)?
6
Suppose 0 = -8*b + 36 + 68. Suppose 12*n = b*n - 121. What is the hundreds digit of n?
1
Let i(g) = -g**2 - 2*g + 4. Let j be i(-3). Let f be (j*127/3)/((-2)/(-36)). What is the units digit of f/7 - 0 - (-16)/112?
9
Let c(l) = -4*l + 32. Let p be c(7). Suppose 14*d - 7308 = -p*d. What is the units digit of d?
6
Let g = 1930 - 1046. Suppose 152 = 7*z - g. Let y = z - 95. What is the units digit of y?
3
Let v(h) = h**3 - 13*h**2 + 14*h + 1. Suppose 0 = -2*a - 3 - 5. Let z be 18/(a + 11/2). What is the tens digit of v(z)?
2
Let b(t) = -t**2 + 29*t + 30. Let h be b(30). What is the units digit of (69 + -367)*(h + (-5)/2)?
5
Suppose 0*l - 248832 = -32*l. Suppose 13*m - 16911 - l = 0. What is the tens digit of m?
9
Let y = 132 - 121. What is the units digit of -11 + y - 16*-16?
6
Let x = 228 + -224. Suppose -149 = -t - x*i, -2*t - i = -3*t + 144. What is the hundreds digit of t?
1
Suppose 4 = 8*r - 7*r. Suppose r*u + 11*c - 1284 = 15*c, -3*u = -2*c - 958. What is the hundreds digit of u?
3
Let z(t) = 484*t**3 + 6*t**2 + 50*t - 114. What is the ten thousands digit of z(4)?
3
Let r(v) = 28*v**2 - 19*v - 91. Let k(w) = 54*w**2 - 39*w - 184. Let i(u) = -4*k(u) + 9*r(u). What is the thousands digit of i(-6)?
1
Let d(i) = -i**2 - 9*i + 29. Let k be d(-15). Let x = 63 + k. What is the units digit of ((-4 + x)*-2)/(8/236)?
8
Let g be (-45)/27*(-10 + 1 + -3). Suppose g*d - 25*d + 180 = 0. Let t = d + -29. What is the units digit of t?
7
Let p(a) = 2*a**2 - 26*a - 143. What is the units digit of p(-5)?
7
Let a(i) = i**3 + 25*i**2 + 27*i - 55. Let s be a(-23). Let d = s + 685. What is the units digit of d?
7
Suppose -2*d - d + x + 325 = 0, 2*d - 215 = -x. Suppose 4*l - 12 = 0, -3*l - d = -g - 0*l. What is the units digit of g?
7
Suppose -180*s + 6189570 = 1161810. What is the tens digit of s?
3
Let x(a) = -4*a**2 - a + 3. Let r be x(2). Let q = r + 20. Suppose q*z - 5*u - 363 = 242, 5*u = z - 137. What is the units digit of z?
7
Let i = -537 + 1138. Let z(x) = -x**3 - 5*x**2 + 4*x - 7. Let g be z(-6). Suppose -v = -j - 123, g*v + j = -j + i. What is the hundreds digit of v?
1
Suppose 53 = 3*s + 2*p, 3*p - 6 = 2*s - 24. Suppose -j - 17 = -s. What is the tens digit of (2/3)/(j/(-183))?
6
What is the tens digit of (144/(-28))/(324/(-1016820))?
4
Let y(j) = -j**3 - 18*j**2 + 16*j + 22. Let u be y(-10). Let g = -431 - u. What is the units digit of g?
7
Suppose y = 2*n - 229 + 578, -5*y - 3*n = -1719. What is the tens digit of y?
4
Let h(j) = -592*j - 50. Let c(s) = -592*s - 41. Let o(v) = -5*c(v) + 4*h(v). What is the units digit of o(2)?
9
Suppose 3*d - 13 = 3*b - 2*b, 2*b + 3*d - 19 = 0. Suppose 0 = b*w + 5*v - 3, -2*v - 33 = -3*w - 0. What is the units digit of w?
9
Suppose 0 = 6*w - 2*w - 40. Suppose -w*m = -2833 - 197. What is the tens digit of m?
0
Suppose 4*d = 4*s + 23304, -12*d + 11*d = -4*s - 5838. What is the tens digit of d?
2
Let h be (5874/(-4))/((-39)/52). Suppose 802 = 5*b - h. What is the hundreds digit of b?
5
Suppose 7232*l - 7248*l = -418080. What is the thousands digit of l?
6
Suppose 0 = 14*s - 266 + 1288. Let c = s + 75. What is the tens digit of 235 - -3 - (4 - 2/c)?
3
Let p = 12004 - -13727. What is the tens digit of p?
3
Suppose -4*g + 16 = 8. Suppose 2*y - 5*y = g*y. Suppose 5*v = v - 3*m + 823, 5*v - 2*m - 1000 = y. What is the tens digit of v?
0
What is the thousands digit of (-33)/(-55)*561280/64?
5
Suppose -4*a = k + 2*k - 3531, -15 = 5*k. What is the hundreds digit of a?
8
Suppose 8*m = -248 + 1048. Let b = m - -948. What is the units digit of b?
8
Suppose 0 = -4*g, 2*g - 3 = -t + 1. Let z(f) = 14*f**2 + 3*f**3 + t - 2*f**3 - 4*f - 15*f. What is the units digit of z(-15)?
4
Suppose 4*y - 107558 = -4*k + 2*k, 2*k - 26891 = -y. What is the tens digit of y?
8
Let l(t) = -338*t**3 + t**2 - 6. Let z(j) = -506*j**3 + 2*j**2 - 9. Let h(d) = 7*l(d) - 5*z(d). Let x = 18 + -17. What is the hundreds digit of h(x)?
1
Let k = 495 - 465. What is the units digit of -105*(-3 + 125/k)*-2?
5
Suppose -j + 4307 = 5*v, 2*j - 40*v - 8602 = -38*v. What is the hundreds digit of j?
3
Let n(v) = v**2 - 15*v + 23. Let y be n(13). Let k(i) = -2*i**3 + 2*i**2 + i - 1. Let d be k(y). Suppose -u + 3*u = d. What is the units digit of u?
4
Let p(n) = n**3 - 10*n**2 + 17*n + 6. Let a be p(8). Let i(b) = -b**3 + 15*b**2 + 13*b - 14. What is the units digit of i(a)?
4
What is the tens digit of (-8014)/((-8)/44*11)?
0
What is the tens digit of (-19512)/(-216)*(3 + -5 - -254)?
6
Let z = -101 - -155. Let q = z - -244. What is the hundreds digit of q?
2
Let t = 53 - 48. Suppose -5*o - 3*s = 487, 4*o - 455 = 9*o - t*s. Let k = o - -150. What is the units digit of k?
5
Suppose 27*w - 943614 = -36*w. What is the hundreds digit of w?
9
Suppose 21*l + 56 = -112. What is the units digit of (l/(-24))/(-1)*-1*6?
2
Let r = 275717 - 195172. What is the units digit of r?
5
Suppose 5*r + 5*v - 40 = -0, 5*v = 4*r - 68. What is the units digit of 4/(-12) + 3592/r?
9
Suppose 20*s - 425 = 1515. Suppose -5*r = -273 - s. What is the tens digit of r?
7
Let a be (1 - 4) + (4 - -13). Suppose a*n + 138 = 16*n. Let o = 275 - n. What is the units digit of o?
6
Let r = 92 + -93. Let f be -5 + 4 + r - (-6)/3. Suppose 5*t - 5*q = 2*t + 322, f = -t + q + 104. What is the tens digit of t?
9
Let g(j) = 2*j**2 + 10*j + 14. Let q be g(-6). Suppose -q*a + 3990 + 4850 = 0. What is the tens digit of a?
4
Let h(u) = -2*u**3 - u**2 - 1. Let j be h(-3). Let g = j - 40. Suppose -g*x + 360 = x. What is the tens digit of x?
7
Let h be (2/3 - 160/96) + 9. What is the units digit of (-76)/114 - h/(-3)?
2
Let c = 287 + -43. Let q = c + 38. What is the units digit of q?
2
Let l(t) = -t**2 - 7*t**3 + 6*t + 7*t**2 + 8*t**3 + 0*t. Let y be l(-4). Suppose -y*h = -12*h + 328. What is the tens digit of h?
8
Suppose -4*m - 251 = 917. What is the tens digit of ((-4)/1)/(-2 + m/(-147))?
9
Let i = 5678 - 2242. What is the units digit of i?
6
Suppose -4*x + 23 = 3*d, 5*x - d = 3*d + 21. Suppose 77 = x*r - 213. What is the tens digit of r?
5
Let p be (-3)/3*(2 + -1). Let f be -107 + (-2 - p/(-1)). Let b = f + 191. What is the tens digit of b?
8
Suppose 4*m + 4*l = 27960 - 880, -6760 = -m + l. What is the hundreds digit of m?
7
Suppose 0 = -4*i - 2*p + 19966, 16*p - 5008 = -i + 10*p. What is the hundreds digit of i?
9
Suppose -8*a + 106 = -4*a + 2*i, -2*a + 5*i = -23. Suppose 3*j - a = 6*p - 4*p, -p = 3*j - 15. Suppose -5*g - 40 = -j*g. What is the units digit of g?
0
What is the units digit of 30689/(-50)*-10 + ((-3)/5)/(-3)?
8
What is the hundreds digit of -2*(62 + -63)/((-2)/(-3962))?
9
Suppose 3*p = -3*w - 71295, -3*w + 4*p = -4*w - 23756. What is the units digit of w/(-24) - (-3)/(-9)?
0
Let a = -9 - 3. Let x be a/(-3) + -3 + -1. Suppose 3*v - 10*v + 189 = x. What is the units digit of v?
7
Let s = 20723 - -21800. What is the units digit of s?
3
Suppose 1132608 = -49*i + 185*i. What is the units digit of i?
8
Let g(i) = i**2 - 2*i + 14. Let j be 4*((-4)/8)/(4/(-40)). Suppose -j = v - 24. What is the tens digit of g(v)?
2
Let g(n) = n**2 - 6*n - 2. Let b(a) = -a**3 - 9*a**2 - 16*a - 7. Let d be b(-7). Let q be g(d). What is the units digit of 115/3 - q/15?
8
Suppose -258 + 24 = 13*m. Let g be (3 - (-130)/18) + 4/m. What is the tens digit of (-2 - (-11)/5) + 368/g?
3
Suppose 21*c - 3239 = -656. Let u(w) = -w. Let t be u(1). Let n = t + c. What is the units digit of n?
2
Let t be (-1)/2 + -14*117/(-12). Suppose 7*d - 39 = t. What is the units digit of d?
5
Let f = -4701 + 12584. What is the hundreds digit of f?
8
Let c(d) = 113*d**2 - 96*d + 29. What is the units digit of c(-7)?
8
Let d(c) = -358*c - 779. What is the thousands digit of d(-13)?
3
Suppose -21*q + 13*q - 30*q + 1692938 = 0. What is the units digit of q?
1
Suppose -3*k + 0*x = 3*x - 27, -2*x - 14 = -2*k. Suppose 15*u = -k*u + 20562. What is the tens digit of u?
9
Let j(o) = -o**3 + 12*o**2 - 9*o + 18. Let b = 4 + -8. Let z be ((-2)/b)/((-2)/(-40)). What is the units digit of j(z)?
8
Let c be 